{"id":388,"date":"2016-11-10T14:35:40","date_gmt":"2016-11-10T13:35:40","guid":{"rendered":"https:\/\/oja-kreuzlingen.ch\/wp\/?page_id=388"},"modified":"2024-03-08T14:13:47","modified_gmt":"2024-03-08T13:13:47","slug":"vereinsgeschichte","status":"publish","type":"page","link":"https:\/\/oja-kreuzlingen.ch\/index.php\/vereinsgeschichte\/","title":{"rendered":"Vereinsgeschichte"},"content":{"rendered":"<p>In Kreuzlingen gab es in den 80er Jahren zwei Versuche mit Jugendh\u00e4usern, einer im Geb\u00e4ude der Jugendherberge, der andere in den Baracken im T\u00e4germoos. Diese Versuche hatten gezeigt, dass Jugendtreffs unter anderem problembelastete Jugendliche anziehen (das ist auch eine ihrer Aufgaben), dass die Institutionen dann aber von diesen gesellschaftlichen Problemen \u00fcberfordert werden k\u00f6nnen, sofern nicht<\/p>\n<p>\u2022eine professionelle Leitung zur Probleml\u00f6sung beitr\u00e4gt,<\/p>\n<p>\u2022die Institution sich klar gegen Problemkreise abgrenzen kann (z.B. Drogen),<\/p>\n<p>\u2022eine solide Tr\u00e4gerschaft besteht,<\/p>\n<p>\u2022gen\u00fcgend finanzielle Mittel zur Verf\u00fcgung stehen.<\/p>\n<p>\u00dcberzeugt, dass es in Kreuzlingen einen professionell gef\u00fchrten Treffpunkt f\u00fcr die Jugend braucht, griffen 1989 die Gemeinder\u00e4tInnen des Gemeinderaters Kreuzlingen das Thema eines Jugendtreffs wieder auf. Sie veranlassten die Bildung einer Arbeitsgruppe, welche ein Konzept entwickelte. Der Stadtrat und die Beh\u00f6rde der Oberstufenschulgemeinde hatten dieses Konzept eingehend \u00fcberpr\u00fcft und konnten sich ihm gr\u00f6sstenteils anschliessen. Am 13.12.1990 wurde das Konzept zusammen mit einem entsprechenden Kreditbegehren f\u00fcr eine zweij\u00e4hrige Versuchsphase vom Gemeinderat bewilligt. Im Oktober 1991 begann die Versuchsphase mit der Einstellung der ersten beiden Treffleiter. Der Treff konnte in der Folge am 13.06.1992 an der Konstanzerstrasse 40 er\u00f6ffnet werden.<\/p>\n<p>Der Verein Jugendtreff Kreuzlingen wurde durch die rechtsg\u00fcltige Inkraftsetzung seiner Statuten am 25. November 1991 gegr\u00fcndet. An der Urnenabstimmung vom 27.\/28. November 1993 stimmten die Stimmb\u00fcrger und Stimmb\u00fcrgerinnen von Kreuzlingen der Vereinbarung zwischen der Stadt Kreuzlingen und dem Verein Jugendtreff Kreuzlingen zu. Damit wurde der Grundstein f\u00fcr den definitiven Betrieb eines Treffpunkts f\u00fcr Jugendliche und zur F\u00f6rderung der offenen Jugendarbeit in Kreuzlingen gelegt.<\/p>\n<p>Nach 20 Jahren wurde an der Generalversammlung vom 22.April 2010 der Vereinsnamens\u00e4nderung einstimmig zugestimmt, nun heisst der Verein neu: Verein Offene Jugendarbeit Kreuzlingen.<\/p>\n<p>Ein weiterer Meilenstein wurde am 17. Juni 2010 erreicht. Der Gemeinderat von Kreuzlingen hat das Kreditbegehren f\u00fcr den Bau eines Jugendhauses an der Seestrasse gutgeheissen.<\/p>\n","protected":false},"excerpt":{"rendered":"<p>In Kreuzlingen gab es in den 80er Jahren zwei Versuche mit Jugendh\u00e4usern, einer im Geb\u00e4ude der Jugendherberge, der andere in den Baracken im T\u00e4germoos. Diese Versuche hatten gezeigt, dass Jugendtreffs unter anderem problembelastete Jugendliche anziehen (das ist auch eine ihrer Aufgaben), dass die Institutionen dann aber von diesen gesellschaftlichen Problemen \u00fcberfordert werden k\u00f6nnen, sofern nicht \u2022eine professionelle Leitung zur Probleml\u00f6sung beitr\u00e4gt, \u2022die Institution sich klar gegen Problemkreise abgrenzen kann (z.B. Drogen), \u2022eine solide Tr\u00e4gerschaft besteht, \u2022gen\u00fcgend finanzielle Mittel zur Verf\u00fcgung stehen. \u00dcberzeugt, dass es in Kreuzlingen einen professionell gef\u00fchrten Treffpunkt f\u00fcr die Jugend braucht, griffen 1989 die Gemeinder\u00e4tInnen des Gemeinderaters Kreuzlingen das Thema eines Jugendtreffs wieder auf. Sie veranlassten die Bildung einer Arbeitsgruppe, welche ein Konzept entwickelte. Der Stadtrat und die Beh\u00f6rde der Oberstufenschulgemeinde hatten dieses Konzept eingehend \u00fcberpr\u00fcft und konnten sich ihm gr\u00f6sstenteils anschliessen. Am 13.12.1990 wurde das Konzept zusammen mit einem entsprechenden Kreditbegehren f\u00fcr eine zweij\u00e4hrige Versuchsphase vom Gemeinderat bewilligt. Im Oktober 1991 begann die Versuchsphase mit der Einstellung der ersten beiden Treffleiter. Der Treff konnte in der Folge am 13.06.1992 an der Konstanzerstrasse 40 er\u00f6ffnet werden. Der Verein Jugendtreff Kreuzlingen wurde durch die rechtsg\u00fcltige Inkraftsetzung seiner Statuten am 25. November 1991 gegr\u00fcndet. An der Urnenabstimmung vom 27.\/28.&#46;&#46;&#46;<\/p>\n","protected":false},"author":1,"featured_media":0,"parent":0,"menu_order":0,"comment_status":"closed","ping_status":"closed","template":"","meta":{"footnotes":""},"class_list":["post-388","page","type-page","status-publish","hentry"],"_links":{"self":[{"href":"https:\/\/oja-kreuzlingen.ch\/index.php\/wp-json\/wp\/v2\/pages\/388","targetHints":{"allow":["GET"]}}],"collection":[{"href":"https:\/\/oja-kreuzlingen.ch\/index.php\/wp-json\/wp\/v2\/pages"}],"about":[{"href":"https:\/\/oja-kreuzlingen.ch\/index.php\/wp-json\/wp\/v2\/types\/page"}],"author":[{"embeddable":true,"href":"https:\/\/oja-kreuzlingen.ch\/index.php\/wp-json\/wp\/v2\/users\/1"}],"replies":[{"embeddable":true,"href":"https:\/\/oja-kreuzlingen.ch\/index.php\/wp-json\/wp\/v2\/comments?post=388"}],"version-history":[{"count":1,"href":"https:\/\/oja-kreuzlingen.ch\/index.php\/wp-json\/wp\/v2\/pages\/388\/revisions"}],"predecessor-version":[{"id":3267,"href":"https:\/\/oja-kreuzlingen.ch\/index.php\/wp-json\/wp\/v2\/pages\/388\/revisions\/3267"}],"wp:attachment":[{"href":"https:\/\/oja-kreuzlingen.ch\/index.php\/wp-json\/wp\/v2\/media?parent=388"}],"curies":[{"name":"wp","href":"https:\/\/api.w.org\/{rel}","templated":true}]}}